 is the units digit of r(13)?
5
Let l(f) = f**2 + 11*f + 10. Let x be l(-5). Let d = x - -23. Suppose 0 = -2*m - 3*b + 57, -d*b = -2*m - b + 32. What is the tens digit of m?
2
Let b(v) = v**2 - 13*v - 72. What is the tens digit of b(29)?
9
Suppose 4*s - 3*s - 5*l - 262 = 0, -l - 772 = -3*s. What is the hundreds digit of s?
2
Let k(n) = n**2 - 11*n + 20. Let d(j) = -11*j - 2. Let q be d(-1). Let r be k(q). Suppose -7*u + 85 = -r*u. What is the tens digit of u?
1
Suppose 0 = 28*g + 25316 - 95512. What is the hundreds digit of g?
5
Let x(a) = -8*a - 6. Let s = -15 - -12. Let r be x(s). Let m = -10 + r. What is the units digit of m?
8
Suppose 5*d + d - 3084 = 0. What is the units digit of d?
4
Let o(h) = 276*h**2 + 8. What is the hundreds digit of o(-2)?
1
Let b be 5/40 - (-46)/16. Let m(q) = 2*q**2 - q + 3*q**3 + 2*q**2 + 1 - 3*q**2 - 4*q**b. What is the units digit of m(0)?
1
Let h(d) = 1273*d + 129. What is the thousands digit of h(2)?
2
Suppose -4*j + 3*t = -1063, 17*t - 16*t = 2*j - 531. What is the tens digit of j?
6
Let r(j) = j**3 + 9*j**2 - 7*j - 19. Let p be r(-9). Let h(l) = -19*l**2 + l + 1. Let t be h(-1). Let s = p + t. What is the units digit of s?
5
What is the hundreds digit of 1*(-1975)/10*56/(-35)?
3
Let h = 820 + -435. What is the hundreds digit of h?
3
Let w(l) be the first derivative of 0*l**2 - 1 + 5*l**4 - 1/3*l**3 + 0*l. What is the tens digit of w(1)?
1
Let m = 222 - 95. Let r = 185 - m. What is the tens digit of r?
5
Let d be 1743/5 + (-3)/5. Suppose -d - 152 = -5*r. What is the units digit of r?
0
Let s(t) = t**2 - 16*t - 262. What is the thousands digit of s(-36)?
1
Let f(s) = -s + 2. Suppose -5*r + 3*h - 3 = -12, -2*r - h - 3 = 0. Let u be f(r). Suppose -68 = -2*k - u*k. What is the tens digit of k?
1
Let d(j) = -7*j**2 + 4*j + 4. Let y be d(-2). What is the units digit of ((-72)/y)/(6/16)?
6
Let l = 30 - 27. Suppose 5 = 3*y - 2*q, y + 1 = l*q - q. Suppose -y*h = i + 4*i - 149, 2*h - 94 = 2*i. What is the units digit of h?
8
Suppose 3173 + 7539 = 13*p. What is the tens digit of p?
2
Suppose -5*x = -3*x + 4*j - 198, -x + j = -105. Suppose -3*m + 643 = 3*p + x, 560 = 3*m - p. What is the tens digit of m?
8
Let s = -572 - -817. What is the tens digit of s?
4
Suppose -929 - 2703 = -8*v. What is the tens digit of v?
5
Let n(i) = -7*i + 13. Let y be n(5). Let o = y - -108. What is the units digit of o?
6
Suppose -11 = -2*n + p + 14, 2*n + 3*p - 29 = 0. What is the units digit of n?
3
Let r(n) = -187*n - 20. What is the hundreds digit of r(-3)?
5
Let h(o) = -5*o**2 - 6*o + 6. Let g be h(1). Suppose 0 = 5*m - 13 - 37. Let q = m + g. What is the units digit of q?
5
Let q(w) be the first derivative of w**4/4 + w**3/3 - 2*w**2 + 6. What is the units digit of q(2)?
4
Let a(y) = y**2 - 9*y - 5. Let l be a(9). Let z be 2/(-5) + (-222)/l. Let o = -29 + z. What is the tens digit of o?
1
Suppose -1039 - 406 = -17*b. Let t = b + 82. What is the hundreds digit of t?
1
Let i(t) = t**3 - 15*t**2 - 34*t + 3. Let l be i(17). Suppose 0 = l*r - 3 - 12. What is the units digit of r?
5
Suppose -3*f = 2*k + 10, -15 - 17 = 2*f - 5*k. Let n be ((-80)/f)/(11/33). Suppose 4*r - 116 = -n. What is the units digit of r?
9
Let d = -5 - -10. Suppose 0 = -d*p - 2*i + 7, -3*i + 2*i = -p. What is the units digit of p?
1
Suppose -5*d - 2*x = -29460, x - 7332 = -2*d + 4451. What is the hundreds digit of d?
8
Let v = 13 - 7. Suppose h = 3*h - v. Suppose 1 = 2*i - h. What is the units digit of i?
2
Suppose -1 = -5*y + 4*o - 3, 0 = -y + 4*o - 10. Suppose -2*n = -8, 2*t + 6*n - y*n + 16 = 0. What is the tens digit of 28/((t/(-12))/2)?
4
Suppose -592 = -4*f + 4*s, 0 = 47*f - 42*f + s - 746. What is the hundreds digit of f?
1
Let r be (-40)/15*(-9)/4. Let z = 11 - r. Suppose 3*k = z*k - 88. What is the units digit of k?
4
Let s be 2/(2/(-219)*-3). Let i = s - 25. What is the units digit of i?
8
What is the units digit of (-2)/3*3 - -96 - -1?
5
Let m(c) = 3*c - 3. Let g be m(4). Suppose -a + 63 = -g. What is the tens digit of a?
7
Let v = 833 - 268. What is the tens digit of v?
6
What is the units digit of -43*(-4*7/(-14))/(-2)?
3
Suppose f = -2*f + 12. What is the units digit of (-180)/9*(-6)/f?
0
Let l(x) = 15*x + 4. Let f be l(-3). Let w = 81 + f. Suppose 0 = -4*i + 8*i - w. What is the units digit of i?
0
Let d be (-556)/(-20) + ((-1)/(-5) - 0). Suppose 2*i + 0*i = 8. Suppose 3*r - i*x - 84 = 0, -x - d = -r + 4*x. What is the units digit of r?
8
Let p be 6/((9/2)/3). Suppose 26 = -p*v - 2*a, -2*v = 3*a + 3 - 0. Let b = v - -12. What is the units digit of b?
3
Let n(r) = -20*r + 5*r**3 + 63*r**2 - 4*r**3 - 55*r**2. What is the units digit of n(-9)?
9
Suppose -3*a + 2643 = -4*w + 14426, 2*w - 4*a = 5904. What is the tens digit of w?
4
Let f(m) = 372*m + 69. What is the units digit of f(3)?
5
Let h = 5193 + -3481. What is the tens digit of h?
1
Let p = 6 - 61. Let q = p + 79. What is the units digit of (60/q)/(2/4)?
5
Let z = 77 - 70. Let c(i) = i**2 + 4*i + 2. What is the tens digit of c(z)?
7
Suppose 3*a = 6*a - 5*c - 1351, 3*a - 3*c = 1341. What is the tens digit of a?
4
Let n = 7 + -5. Let b be ((-40)/(-15))/(n/(-6)). Let w(m) = -m**3 - 6*m**2 + 12*m + 6. What is the tens digit of w(b)?
3
Let w(a) = 157*a - 1. What is the units digit of w(11)?
6
Let l be -1*((-8)/(-4) + -4). Suppose 10 = 5*f, -4*c - 3*f = -2*f + l. What is the units digit of c/(0 + (-3)/93)?
1
Let u be (-2)/6 - ((-70)/(-3))/2. Let q(i) = i**2 + i - 13. What is the hundreds digit of q(u)?
1
Suppose 2*f = 5*x - 14 - 98, 0 = f + 2*x + 47. Let s be f/2 + 4/8. What is the units digit of (-333)/(-15) + 5/s?
2
Let z be (-28)/8*((-8)/(-7))/(-2). Suppose y = -z*h + 58, -47 + 12 = -h + y. What is the tens digit of h?
3
Suppose 3*a - 3*u = 2724, 112 - 1035 = -a - 4*u. What is the units digit of a?
1
Let w be 0 - (-11 + (-3 - -7)). Suppose -5*s + w*s = 24. Suppose 2*l = 100 + s. What is the tens digit of l?
5
Suppose -s - 2*s = 5*u + 25, -4*s = u + 5. Suppose s = 5*v - 6 - 14. Suppose l = -3*y + 32, -v*l + 3*l + 8 = y. What is the tens digit of y?
1
Let b = 160 - 270. Let m = b + 270. What is the units digit of m?
0
Let f be 0/(2/(5 - 3)). Suppose 4*c - 263 - 321 = f. What is the hundreds digit of c?
1
Let u be (-6)/21 - (-206)/(-14). Let y be (36/(-20))/(1/u). Suppose 0 = i - y - 0. What is the tens digit of i?
2
Let a(g) = 97*g + 2213. What is the tens digit of a(0)?
1
Suppose -5*t + 2679 = x, 11*t = 4*x + 9*t - 10716. What is the tens digit of x?
7
Let s(v) = 7*v - 23. Let d be s(12). Let f = -37 + d. What is the tens digit of f?
2
Suppose 37*j = -3*w + 28*j + 13485, 2*w = -5*j + 8986. What is the tens digit of w?
8
Suppose 4*s - 5*s + 3*y = -2, 0 = -2*s - y - 10. Let z(r) = r**2 - 6*r - 2. Let t be z(s). Suppose 0 = -5*k + 213 - t. What is the units digit of k?
5
Suppose -2 - 5 = -2*q - k, q + 3*k - 6 = 0. Suppose -160 = -a - q*a. What is the units digit of a?
0
Let k(m) = -135*m + 104. What is the thousands digit of k(-8)?
1
Suppose -s = -4*s + 150. Suppose -2*y + 0*y + s = -4*j, -j + 4*y - 2 = 0. Let k = 1 - j. What is the tens digit of k?
1
Let v be 8/(-10) + (-64)/20. What is the hundreds digit of 8519/63 - (8/(-9))/v?
1
What is the hundreds digit of (-168)/(-210) - (-6806)/5?
3
Suppose 286 = 4*o - v, 109 = -4*o + 3*v + 391. Let y = o - 70. What is the units digit of y?
2
Let l(y) = 18*y**2 + 4*y - 13. Let d be l(-6). Suppose -8*o + 253 = -d. What is the hundreds digit of o?
1
Let q(u) = -25*u - 2. Let a be q(-4). Suppose 5*i + a = 5*c - 37, 4*c = -i + 128. Suppose c = 3*n + 7. What is the units digit of n?
8
Let x(v) = 43*v**2 - 20*v - 33. What is the tens digit of x(5)?
4
Suppose r = -4*u - 4 + 12, -2 = -2*u - r. Let y be ((-18)/(-8) - (-105)/(-140))*-2. What is the tens digit of -4 + (y + 79 - u)?
6
Suppose 5*u + 3*o - 393 = 0, -52*u - 5*o - 151 = -54*u. What is the units digit of u?
8
Let g be 8/(-4)*(-95)/(-2). Let l = g - -112. What is the tens digit of l?
1
Suppose 0 = 2*d - 5*y + 332, 0 - 16 = -4*y. Let l = 271 + d. What is the units digit of l?
5
Let i be 1*-3*(-10)/6. Suppose 0 = 6*s + s - 56. Suppose -r - i + s = 0. What is the units digit of r?
3
Let q = 493 + -319. Let p = -94 + q. What is the units digit of p?
0
Let t = -2 + 6. Suppose p - t*p + 117 = 0. What is the units digit o